Calculate the highest common factor of 1202 and 55900.
2
What is the highest common divisor of 143552075 and 50?
25
Calculate the greatest common divisor of 352 and 21652642.
22
What is the highest common factor of 2773 and 131177?
47
What is the greatest common divisor of 9394 and 504592?
1342
What is the greatest common divisor of 3824 and 75888?
16
Calculate the highest common factor of 13804 and 208964.
476
What is the greatest common divisor of 22484 and 259094?
22
Calculate the highest common divisor of 5608 and 128.
8
What is the highest common factor of 12 and 31901600?
4
Calculate the greatest common divisor of 44020 and 1580.
20
What is the highest common divisor of 3497 and 115453455?
3497
Calculate the highest common divisor of 724 and 123039094.
362
Calculate the greatest common factor of 576761 and 90855.
673
Calculate the highest common divisor of 123012 and 1963770.
402
Calculate the highest common divisor of 9155 and 1946353.
1831
What is the greatest common factor of 4746118 and 4709?
277
Calculate the greatest common divisor of 2277 and 2703811.
253
What is the highest common divisor of 9368576 and 24833?
1307
What is the highest common divisor of 1400 and 79397675?
175
What is the greatest common divisor of 1951979 and 636457?
2663
Calculate the greatest common divisor of 23199 and 124146.
627
What is the highest common factor of 72820 and 229472370?
3310
What is the highest common divisor of 5136201 and 63?
63
Calculate the greatest common divisor of 77190 and 11657860.
310
Calculate the greatest common divisor of 6 and 22016361.
3
What is the highest common divisor of 58077876 and 32020?
6404
Calculate the highest common factor of 378825730 and 20.
10
Calculate the highest common factor of 36153 and 1298583.
117
What is the greatest common factor of 2277951 and 375?
3
What is the highest common divisor of 3422 and 110780?
58
What is the greatest common divisor of 582 and 49017?
3
Calculate the highest common divisor of 1808 and 22364.
4
Calculate the highest common divisor of 38635697 and 5864.
733
Calculate the highest common divisor of 984600 and 43300.
100
Calculate the highest common divisor of 8432 and 58414788.
2108
What is the greatest common factor of 84 and 1448292468?
84
Calculate the highest common factor of 5899 and 21424474.
347
Calculate the highest common factor of 934148956 and 1378.
1378
What is the highest common factor of 45030 and 1442480?
190
Calculate the greatest common factor of 209590936 and 83.
83
Calculate the highest common divisor of 75540 and 1323240.
60
What is the greatest common divisor of 92 and 976342364?
92
What is the greatest common divisor of 45 and 653785335?
45
What is the greatest common factor of 309078875 and 81125?
7375
What is the highest common factor of 4269685 and 2345?
35
Calculate the greatest common factor of 3683 and 5548503.
127
What is the greatest common factor of 3349841 and 30061?
1307
What is the highest common divisor of 1065 and 5950865?
355
What is the greatest common divisor of 981 and 16961381?
109
What is the greatest common factor of 8800 and 3353350?
550
Calculate the highest common factor of 850 and 3964162.
34
Calculate the highest common factor of 25176977 and 1414.
707
What is the greatest common divisor of 234229 and 58433?
71
Calculate the highest common factor of 27357869 and 77.
77
What is the greatest common divisor of 164 and 397019277?
41
What is the greatest common factor of 1192175 and 3655?
215
What is the greatest common divisor of 119258468 and 238?
238
Calculate the highest common factor of 15485 and 10645367.
163
Calculate the greatest common factor of 5471549 and 7279.
251
What is the highest common divisor of 14983353 and 14553?
2079
What is the highest common factor of 2915145 and 294?
3
Calculate the greatest common divisor of 16 and 1718814.
2
Calculate the highest common factor of 215100 and 700.
100
Calculate the greatest common factor of 4724 and 725715052.
4724
What is the greatest common divisor of 2404630 and 148?
74
What is the highest common divisor of 58 and 1632816029?
29
Calculate the greatest common factor of 10692 and 3357453.
33
What is the greatest common factor of 2 and 3768059?
1
Calculate the highest common factor of 1050 and 25510590.
210
What is the greatest common factor of 2107428 and 22692?
732
Calculate the greatest common divisor of 2085520 and 26865.
995
What is the highest common divisor of 1 and 67988?
1
What is the greatest common factor of 6066 and 175266?
18
Calculate the greatest common divisor of 182859521 and 29068.
7267
What is the highest common factor of 12506820 and 16225?
295
What is the greatest common divisor of 204 and 13493280?
12
Calculate the highest common divisor of 75624 and 16851.
411
What is the highest common factor of 94292 and 24228758?
4286
Calculate the greatest common divisor of 251716 and 164.
4
What is the highest common factor of 9224972 and 20?
4
Calculate the highest common factor of 666 and 176404086.
666
Calculate the highest common divisor of 427 and 67067203.
7
What is the highest common divisor of 36799962 and 24134?
2194
What is the greatest common divisor of 3616 and 220760416?
3616
What is the highest common divisor of 40 and 15196584?
8
What is the highest common divisor of 1190 and 235298?
14
Calculate the greatest common factor of 10442 and 3105.
23
What is the highest common divisor of 371524 and 2219?
317
What is the greatest common factor of 1959551 and 12859?
11
Calculate the greatest common divisor of 30167 and 730228.
311
Calculate the greatest common factor of 1139 and 1627869.
17
What is the highest common factor of 324 and 6710607?
81
Calculate the highest common divisor of 370748 and 74452.
28
Calculate the greatest common divisor of 3794946 and 66.
6
What is the greatest common divisor of 29091825 and 68103?
2961
Calculate the greatest common factor of 239018726 and 1114.
1114
Calculate the greatest common divisor of 1539479044 and 2708.
2708
What is the highest common divisor of 144384 and 83472?
2256
Calculate the highest common divisor of 12917931 and 9503.
559
What is the greatest common factor of 1505 and 957266?
43
Calculate the greatest common factor of 33967790 and 2991.
997
Calculate the highest common divisor of 1368067 and 15579.
577
Calculate the greatest common factor of 20494166 and 17374.
1022
What is the highest common factor of 459972 and 108?
108
Calculate the highest common factor of 3990708 and 324.
324
What is the highest common factor of 327 and 64389243?
327
What is the highest common divisor of 92959706 and 68?
34
Calculate the highest common factor of 1669277 and 18338.
173
Calculate the greatest common factor of 23680 and 60680.
1480
Calculate the highest common divisor of 1565 and 2815.
5
Calculate the highest common divisor of 24 and 50970480.
24
What is the highest common factor of 3341 and 392182?
257
Calculate the highest common divisor of 603270 and 1692.
18
Calculate the highest common factor of 930 and 15952910.
310
What is the highest common divisor of 1131 and 54118437?
87
What is the highest common divisor of 1027 and 375961?
79
Calculate the greatest common factor of 12410 and 815994.
146
Calculate the highest common divisor of 4108 and 1749534.
158
What is the greatest common factor of 253 and 131001698?
23
What is the greatest common divisor of 3360289 and 414419?
4993
What is the highest common divisor of 60305973 and 42?
21
What is the greatest common factor of 196102 and 1497004?
2762
Calculate the greatest common divisor of 210 and 52879638.
42
What is the greatest common factor of 304 and 43276756?
76
Calculate the greatest common divisor of 721 and 3278450.
7
Calculate the highest common factor of 390 and 488597460.
390
Calculate the greatest common divisor of 16039 and 63253.
43
What is the greatest common divisor of 5835689 and 4456?
557
What is the greatest common factor of 2713 and 293180345?
2713
Calculate the greatest common factor of 192399 and 3508836.
3261
What is the greatest common divisor of 199577948 and 12?
4
Calculate the highest common factor of 19010 and 15490.
10
What is the greatest common factor of 1078 and 27500242?
154
Calculate the greatest common factor of 32415 and 193785.
15
W